{"id":57,"date":"2025-06-18T10:08:17","date_gmt":"2025-06-18T10:08:17","guid":{"rendered":"https:\/\/www.szkolenia-dla-opiekunow-medycznych.uratuj.com.pl\/?page_id=57"},"modified":"2025-06-18T10:09:27","modified_gmt":"2025-06-18T10:09:27","slug":"dostepne-szkolenia","status":"publish","type":"page","link":"https:\/\/www.szkolenia-dla-opiekunow-medycznych.uratuj.com.pl\/index.php\/dostepne-szkolenia\/","title":{"rendered":"Dost\u0119pne szkolenia"},"content":{"rendered":"\n<p>Aktualnie trwa rejestracja na nast\u0119puj\u0105ce szkolenia:<\/p>\n\n\n\n<ul class=\"wp-block-list\">\n<li>Pakiet 80 punkt\u00f3w online &#8211; <a href=\"https:\/\/punktydlaratownikow.uratuj.com.pl\/produkt\/szkolenia-dla-opiekunow-medycznych-pakiet-80-punktow\/\" data-type=\"link\" data-id=\"https:\/\/punktydlaratownikow.uratuj.com.pl\/produkt\/szkolenia-dla-opiekunow-medycznych-pakiet-80-punktow\/\">tutaj<\/a><\/li>\n\n\n\n<li>Pakiet 80 punkt\u00f3w online i stacjonarnie &#8211; <a href=\"https:\/\/punktydlaratownikow.uratuj.com.pl\/produkt\/szkolenia-ustawiczne-dla-opiekunow-medycznych-80-punktow-stacjonarnie-i-online\/\" data-type=\"link\" data-id=\"https:\/\/punktydlaratownikow.uratuj.com.pl\/produkt\/szkolenia-ustawiczne-dla-opiekunow-medycznych-80-punktow-stacjonarnie-i-online\/\">tutaj<\/a><\/li>\n\n\n\n<li>Konferencja online &#8211; <a href=\"https:\/\/konferencja-ratownictwo-medyczne.pl\/produkt\/rejestracja-na-konferencji-ratownictwo-medyczne-w-praktyce\/\" data-type=\"link\" data-id=\"https:\/\/konferencja-ratownictwo-medyczne.pl\/produkt\/rejestracja-na-konferencji-ratownictwo-medyczne-w-praktyce\/\">tutaj<\/a><\/li>\n\n\n\n<li>Konferencja stacjonarna &#8211; <a href=\"https:\/\/konferencja-ratownictwo-medyczne.pl\/produkt\/doskonalenie-ustawiczne-w-ratownictwie-medycznym-konferencja-udzial-stacjonarny-bez-noclegu\/\" data-type=\"link\" data-id=\"https:\/\/konferencja-ratownictwo-medyczne.pl\/produkt\/doskonalenie-ustawiczne-w-ratownictwie-medycznym-konferencja-udzial-stacjonarny-bez-noclegu\/\">tutaj<\/a><\/li>\n<\/ul>\n","protected":false},"excerpt":{"rendered":"<p>Aktualnie trwa rejestracja na nast\u0119puj\u0105ce szkolenia:<\/p>\n","protected":false},"author":1,"featured_media":0,"parent":0,"menu_order":0,"comment_status":"closed","ping_status":"closed","template":"","meta":{"footnotes":""},"class_list":["post-57","page","type-page","status-publish","hentry"],"yoast_head":"<!-- This site is optimized with the Yoast SEO plugin v27.4 - https:\/\/yoast.com\/product\/yoast-seo-wordpress\/ -->\n<title>Dost\u0119pne szkolenia - Szkolenia dla opiekun&oacute;w medycznych<\/title>\n<meta name=\"robots\" content=\"index, follow, max-snippet:-1, max-image-preview:large, max-video-preview:-1\" \/>\n<link rel=\"canonical\" href=\"https:\/\/www.szkolenia-dla-opiekunow-medycznych.uratuj.com.pl\/index.php\/dostepne-szkolenia\/\" \/>\n<meta property=\"og:locale\" content=\"pl_PL\" \/>\n<meta property=\"og:type\" content=\"article\" \/>\n<meta property=\"og:title\" content=\"Dost\u0119pne szkolenia - Szkolenia dla opiekun&oacute;w medycznych\" \/>\n<meta property=\"og:description\" content=\"Aktualnie trwa rejestracja na nast\u0119puj\u0105ce szkolenia:\" \/>\n<meta property=\"og:url\" content=\"https:\/\/www.szkolenia-dla-opiekunow-medycznych.uratuj.com.pl\/index.php\/dostepne-szkolenia\/\" \/>\n<meta property=\"og:site_name\" content=\"Szkolenia dla opiekun&oacute;w medycznych\" \/>\n<meta property=\"article:modified_time\" content=\"2025-06-18T10:09:27+00:00\" \/>\n<meta name=\"twitter:card\" content=\"summary_large_image\" \/>\n<script type=\"application\/ld+json\" class=\"yoast-schema-graph\">{\"@context\":\"https:\\\/\\\/schema.org\",\"@graph\":[{\"@type\":\"WebPage\",\"@id\":\"https:\\\/\\\/www.szkolenia-dla-opiekunow-medycznych.uratuj.com.pl\\\/index.php\\\/dostepne-szkolenia\\\/\",\"url\":\"https:\\\/\\\/www.szkolenia-dla-opiekunow-medycznych.uratuj.com.pl\\\/index.php\\\/dostepne-szkolenia\\\/\",\"name\":\"Dost\u0119pne szkolenia - Szkolenia dla opiekun&oacute;w medycznych\",\"isPartOf\":{\"@id\":\"https:\\\/\\\/www.szkolenia-dla-opiekunow-medycznych.uratuj.com.pl\\\/#website\"},\"datePublished\":\"2025-06-18T10:08:17+00:00\",\"dateModified\":\"2025-06-18T10:09:27+00:00\",\"breadcrumb\":{\"@id\":\"https:\\\/\\\/www.szkolenia-dla-opiekunow-medycznych.uratuj.com.pl\\\/index.php\\\/dostepne-szkolenia\\\/#breadcrumb\"},\"inLanguage\":\"pl-PL\",\"potentialAction\":[{\"@type\":\"ReadAction\",\"target\":[\"https:\\\/\\\/www.szkolenia-dla-opiekunow-medycznych.uratuj.com.pl\\\/index.php\\\/dostepne-szkolenia\\\/\"]}]},{\"@type\":\"BreadcrumbList\",\"@id\":\"https:\\\/\\\/www.szkolenia-dla-opiekunow-medycznych.uratuj.com.pl\\\/index.php\\\/dostepne-szkolenia\\\/#breadcrumb\",\"itemListElement\":[{\"@type\":\"ListItem\",\"position\":1,\"name\":\"Strona g\u0142\u00f3wna\",\"item\":\"https:\\\/\\\/www.szkolenia-dla-opiekunow-medycznych.uratuj.com.pl\\\/\"},{\"@type\":\"ListItem\",\"position\":2,\"name\":\"Dost\u0119pne szkolenia\"}]},{\"@type\":\"WebSite\",\"@id\":\"https:\\\/\\\/www.szkolenia-dla-opiekunow-medycznych.uratuj.com.pl\\\/#website\",\"url\":\"https:\\\/\\\/www.szkolenia-dla-opiekunow-medycznych.uratuj.com.pl\\\/\",\"name\":\"Szkolenia dla opiekun&oacute;w medycznych\",\"description\":\"Ucz si\u0119 i zdobywaj punkty edukacyjne z nami\",\"potentialAction\":[{\"@type\":\"SearchAction\",\"target\":{\"@type\":\"EntryPoint\",\"urlTemplate\":\"https:\\\/\\\/www.szkolenia-dla-opiekunow-medycznych.uratuj.com.pl\\\/?s={search_term_string}\"},\"query-input\":{\"@type\":\"PropertyValueSpecification\",\"valueRequired\":true,\"valueName\":\"search_term_string\"}}],\"inLanguage\":\"pl-PL\"}]}<\/script>\n<!-- \/ Yoast SEO plugin. -->","yoast_head_json":{"title":"Dost\u0119pne szkolenia - Szkolenia dla opiekun&oacute;w medycznych","robots":{"index":"index","follow":"follow","max-snippet":"max-snippet:-1","max-image-preview":"max-image-preview:large","max-video-preview":"max-video-preview:-1"},"canonical":"https:\/\/www.szkolenia-dla-opiekunow-medycznych.uratuj.com.pl\/index.php\/dostepne-szkolenia\/","og_locale":"pl_PL","og_type":"article","og_title":"Dost\u0119pne szkolenia - Szkolenia dla opiekun&oacute;w medycznych","og_description":"Aktualnie trwa rejestracja na nast\u0119puj\u0105ce szkolenia:","og_url":"https:\/\/www.szkolenia-dla-opiekunow-medycznych.uratuj.com.pl\/index.php\/dostepne-szkolenia\/","og_site_name":"Szkolenia dla opiekun&oacute;w medycznych","article_modified_time":"2025-06-18T10:09:27+00:00","twitter_card":"summary_large_image","schema":{"@context":"https:\/\/schema.org","@graph":[{"@type":"WebPage","@id":"https:\/\/www.szkolenia-dla-opiekunow-medycznych.uratuj.com.pl\/index.php\/dostepne-szkolenia\/","url":"https:\/\/www.szkolenia-dla-opiekunow-medycznych.uratuj.com.pl\/index.php\/dostepne-szkolenia\/","name":"Dost\u0119pne szkolenia - Szkolenia dla opiekun&oacute;w medycznych","isPartOf":{"@id":"https:\/\/www.szkolenia-dla-opiekunow-medycznych.uratuj.com.pl\/#website"},"datePublished":"2025-06-18T10:08:17+00:00","dateModified":"2025-06-18T10:09:27+00:00","breadcrumb":{"@id":"https:\/\/www.szkolenia-dla-opiekunow-medycznych.uratuj.com.pl\/index.php\/dostepne-szkolenia\/#breadcrumb"},"inLanguage":"pl-PL","potentialAction":[{"@type":"ReadAction","target":["https:\/\/www.szkolenia-dla-opiekunow-medycznych.uratuj.com.pl\/index.php\/dostepne-szkolenia\/"]}]},{"@type":"BreadcrumbList","@id":"https:\/\/www.szkolenia-dla-opiekunow-medycznych.uratuj.com.pl\/index.php\/dostepne-szkolenia\/#breadcrumb","itemListElement":[{"@type":"ListItem","position":1,"name":"Strona g\u0142\u00f3wna","item":"https:\/\/www.szkolenia-dla-opiekunow-medycznych.uratuj.com.pl\/"},{"@type":"ListItem","position":2,"name":"Dost\u0119pne szkolenia"}]},{"@type":"WebSite","@id":"https:\/\/www.szkolenia-dla-opiekunow-medycznych.uratuj.com.pl\/#website","url":"https:\/\/www.szkolenia-dla-opiekunow-medycznych.uratuj.com.pl\/","name":"Szkolenia dla opiekun&oacute;w medycznych","description":"Ucz si\u0119 i zdobywaj punkty edukacyjne z nami","potentialAction":[{"@type":"SearchAction","target":{"@type":"EntryPoint","urlTemplate":"https:\/\/www.szkolenia-dla-opiekunow-medycznych.uratuj.com.pl\/?s={search_term_string}"},"query-input":{"@type":"PropertyValueSpecification","valueRequired":true,"valueName":"search_term_string"}}],"inLanguage":"pl-PL"}]}},"_links":{"self":[{"href":"https:\/\/www.szkolenia-dla-opiekunow-medycznych.uratuj.com.pl\/index.php\/wp-json\/wp\/v2\/pages\/57","targetHints":{"allow":["GET"]}}],"collection":[{"href":"https:\/\/www.szkolenia-dla-opiekunow-medycznych.uratuj.com.pl\/index.php\/wp-json\/wp\/v2\/pages"}],"about":[{"href":"https:\/\/www.szkolenia-dla-opiekunow-medycznych.uratuj.com.pl\/index.php\/wp-json\/wp\/v2\/types\/page"}],"author":[{"embeddable":true,"href":"https:\/\/www.szkolenia-dla-opiekunow-medycznych.uratuj.com.pl\/index.php\/wp-json\/wp\/v2\/users\/1"}],"replies":[{"embeddable":true,"href":"https:\/\/www.szkolenia-dla-opiekunow-medycznych.uratuj.com.pl\/index.php\/wp-json\/wp\/v2\/comments?post=57"}],"version-history":[{"count":2,"href":"https:\/\/www.szkolenia-dla-opiekunow-medycznych.uratuj.com.pl\/index.php\/wp-json\/wp\/v2\/pages\/57\/revisions"}],"predecessor-version":[{"id":60,"href":"https:\/\/www.szkolenia-dla-opiekunow-medycznych.uratuj.com.pl\/index.php\/wp-json\/wp\/v2\/pages\/57\/revisions\/60"}],"wp:attachment":[{"href":"https:\/\/www.szkolenia-dla-opiekunow-medycznych.uratuj.com.pl\/index.php\/wp-json\/wp\/v2\/media?parent=57"}],"curies":[{"name":"wp","href":"https:\/\/api.w.org\/{rel}","templated":true}]}}